
False
Is 2333 prime?
True
Is 715381 a prime number?
False
Is 3833 prime?
True
Is 3828639 composite?
True
Is 162667 a prime number?
False
Is 23977 a prime number?
True
Is 20849 a composite number?
False
Is 347 prime?
True
Is 9533 a prime number?
True
Is 40277 composite?
False
Is 77641 a composite number?
False
Is 31531 a prime number?
True
Is 136027 prime?
True
Is 908741 a prime number?
True
Is 2843 a prime number?
True
Is 10519 a composite number?
True
Is 37 composite?
False
Is 125131 prime?
True
Is 16333 prime?
True
Is 866513 prime?
True
Is 3526771 composite?
False
Is 14369 a prime number?
True
Is 314 a composite number?
True
Is 426814 composite?
True
Is 37171 prime?
True
Is 31873 composite?
False
Is 74797 a composite number?
False
Is 1637 composite?
False
Is 48731 composite?
False
Is 13517 prime?
False
Is 3340307 a composite number?
True
Is 66835 composite?
True
Is 39433 a composite number?
True
Is 19567 a composite number?
True
Is 92343 composite?
True
Is 2759 prime?
False
Is 59513 a composite number?
False
Is 11351 composite?
False
Is 159373 composite?
True
Is 5849 composite?
False
Is 3205 a prime number?
False
Is 1905873 a composite number?
True
Is 149263 prime?
False
Is 12863 composite?
True
Is 259867 a prime number?
True
Is 624889 a prime number?
False
Is 161123 composite?
False
Is 243887 a composite number?
True
Is 2004701 composite?
False
Is 24243 composite?
True
Is 138607 a composite number?
True
Is 979241 a composite number?
True
Is 1017227 a composite number?
False
Is 31087 a prime number?
False
Is 78341 composite?
False
Is 34921 a composite number?
True
Is 6887 a prime number?
False
Is 30029 composite?
False
Is 299629 composite?
True
Is 26179 prime?
False
Is 179677 prime?
False
Is 338683 a composite number?
False
Is 1087 composite?
False
Is 196853 composite?
False
Is 623797 composite?
True
Is 86951 composite?
False
Is 197853 a prime number?
False
Is 13397 a prime number?
True
Is 28813 prime?
True
Is 6197 a prime number?
True
Is 34973 prime?
False
Is 70285 a prime number?
False
Is 1940711 composite?
False
Is 244393 prime?
True
Is 78803 a prime number?
True
Is 382355 composite?
True
Is 31099 a composite number?
True
Is 556123 composite?
False
Is 29071 prime?
False
Is 161011 a composite number?
True
Is 2041 prime?
False
Is 28349 a prime number?
True
Is 54917 composite?
False
Is 2327 a prime number?
False
Is 2183 prime?
False
Is 40867 a prime number?
True
Is 65165 a prime number?
False
Is 73789 composite?
True
Is 16721 composite?
True
Is 63982 a prime number?
False
Is 158791 composite?
False
Is 18741 composite?
True
Is 97759 a prime number?
False
Is 480803 a prime number?
True
Is 164719 a prime number?
False
Is 165398 a composite number?
True
Is 8301 composite?
True
Is 1543 prime?
True
Is 38846 a composite number?
True
Is 3251 a prime number?
True
Is 17843 composite?
True
Is 14023 a prime number?
False
Is 417 a prime number?
False
Is 354121 a composite number?
False
Is 71705 prime?
False
Is 11087 a prime number?
True
Is 7463 prime?
False
Is 10837 prime?
True
Is 999859 a prime number?
False
Is 113063 a prime number?
True
Is 178853 a prime number?
True
Is 639971 prime?
False
Is 788603 composite?
False
Is 13577 prime?
True
Is 145531 a composite number?
False
Is 69779 a composite number?
False
Is 207997 a composite number?
False
Is 12659 a prime number?
True
Is 12703 a prime number?
True
Is 32771 a prime number?
True
Is 15231 a prime number?
False
Is 95649 prime?
False
Is 866374 a composite number?
True
Is 20441 composite?
False
Is 21851 composite?
False
Is 107815 prime?
False
Is 8357 prime?
False
Is 35251 composite?
False
Is 30127 prime?
False
Is 2813 a prime number?
False
Is 133687 a composite number?
True
Is 237731 prime?
False
Is 257039 prime?
False
Is 290593 composite?
False
Is 3299 prime?
True
Is 673 composite?
False
Is 6947 composite?
False
Is 4145 a prime number?
False
Is 7243 prime?
True
Is 83891 a composite number?
False
Is 7009 prime?
False
Is 5471 a prime number?
True
Is 582537 composite?
True
Is 23951 prime?
False
Is 558149 prime?
True
Is 1750763 a composite number?
True
Is 326917 a composite number?
True
Is 46439 a prime number?
True
Is 6244577 a composite number?
False
Is 147701 composite?
True
Is 449 a prime number?
True
Is 111721 a prime number?
True
Is 2099543 a composite number?
False
Is 21971 composite?
True
Is 17023 a composite number?
True
Is 1099 composite?
True
Is 324739 prime?
False
Is 79571 prime?
False
Is 18587 a composite number?
False
Is 57373 composite?
False
Is 10753 a prime number?
True
Is 85139 a composite number?
True
Is 43391 a prime number?
True
Is 9901 a composite number?
False
Is 9527 a prime number?
False
Is 6113 prime?
True
Is 16483 composite?
True
Is 36827 composite?
True
Is 1623 a composite number?
True
Is 339707 a composite number?
False
Is 72547 a composite number?
False
Is 335991 prime?
False
Is 994457 a prime number?
True
Is 253229 a prime number?
True
Is 955 composite?
True
Is 6139 prime?
False
Is 28349 prime?
True
Is 389845 a prime number?
False
Is 381214 a prime number?
False
Is 242971 a composite number?
False
Is 483541 a prime number?
True
Is 9643 a prime number?
True
Is 3641 a prime number?
False
Is 1039 a prime number?
True
Is 45323 a composite number?
True
Is 882101 a composite number?
True
Is 17693 a prime number?
False
Is 121909 a prime number?
True
Is 6259 composite?
True
Is 1973 composite?
False
Is 1838 composite?
True
Is 338785 a composite number?
True
Is 51247 a prime number?
False
Is 261565 a prime number?
False
Is 107843 composite?
False
Is 260311 a prime number?
False
Is 2467 composite?
False
Is 259265 prime?
False
Is 8101 a composite number?
False
Is 28891 a composite number?
True
Is 61861 a prime number?
True
Is 1697695 prime?
False
Is 9143 a prime number?
False
Is 297581 a composite number?
False
Is 701903 a composite number?
False
Is 815093 composite?
True
Is 1555629 composite?
True
Is 202415 a prime number?
False
Is 143579 prime?
False
Is 4822 prime?
False
Is 5347 a prime number?
True
Is 374021 composite?
True
Is 4231669 prime?
False
Is 30427 prime?
True
Is 3181 prime?
True
Is 9893 prime?
False
Is 1883 composite?
True
Is 207641 a composite number?
True
Is 1353751 prime?
False
Is 338531 composite?
False
Is 3083 a prime number?
True
Is 4897 prime?
False
Is 61837 a prime number?
True
Is 41267 prime?
False
Is 63689 prime?
True
Is 15373 a prime number?
True
Is 137117 prime?
True
Is 17669 a composite number?
False
Is 468259 a composite number?
True
Is 97673 a composite number?
False
Is 1231663 a prime number?
True
Is 1328813 composite?
True
Is 19661 prime?
True
Is 4861 prime?
True
Is 27211 a composite number?
False
Is 132509 a composite number?
True
Is 1901 prime?
True
Is 179147 a prime number?
False
Is 245503 a prime number?
False
Is 596539 a composite number?
True
Is 20053 a composite number?
True
Is 1046303 a prime number?
False
Is 5087 a prime number?
True
Is 118967 a prime number?
True
Is 18973 a composite number?
False
Is 2863 a prime number?
False
Is 97 a composite number?
False
Is 252277 a composite number?
False
Is 555559 prime?
False
Is 15811 a composite number?
True
Is 679633 prime?
True
Is 401123 a prime number?
False
Is 476963 prime?
False
Is 82637 prime?
False
Is 413131 a composite number?
True
Is 187379 composite?
False
Is 2153 prime?
True
Is 90437 a composite number?
False
Is 5519 prime?
True
Is 12143 a prime number?
True
Is 76345 composite?
True
Is 8843 a prime number?
False
Is 978755 a composite number?
True
Is 6913 prime?
False
Is 55079 a composite number?
False
Is 108863 a composite number?
False
Is 666491 prime?
False
Is 328682 a composite number?
True
Is 18899 a prime number?
True
Is 1543 a prime number?
True
Is 3377 a prime number?
False
Is 1410005 composite?
True
Is 54037 composite?
False
Is 16411 a composite number?
False
Is 1213 a composite number?
False
Is 131 composite?
False
Is 10541 composite?
True
Is 72389 a prime number?
False
Is 462263 a composite number?
False
Is 7237 a composite number?
False
Is 400531 a composite number?
True
Is 31 a composite number?
False
Is 65383 prime?
False
Is 20203 a prime number?
False
Is 1966 a prime number?
False
Is 270287 a prime number?
True
Is 8251 prime?
False
Is 27655 a prime number?
False
Is 3799 prime?
F